{"version":"1.0","provider_name":"Inmobiliaria Inmovisa","provider_url":"https:\/\/inmovisa.com\/de\/","author_name":"inmovisa","author_url":"https:\/\/inmovisa.com\/de\/author\/inmovisa\/","title":"\u00dcber uns - Inmovisa Ihr Immobilienb\u00fcro in Palma de Mallorca","type":"rich","width":600,"height":338,"html":"<blockquote class=\"wp-embedded-content\" data-secret=\"U1Qcs5l61P\"><a href=\"https:\/\/inmovisa.com\/de\/uber-uns\/\">\u00dcber uns<\/a><\/blockquote><iframe sandbox=\"allow-scripts\" security=\"restricted\" src=\"https:\/\/inmovisa.com\/de\/uber-uns\/embed\/#?secret=U1Qcs5l61P\" width=\"600\" height=\"338\" title=\"&#8222;\u00dcber uns&#8220; &#8211; Inmobiliaria Inmovisa\" data-secret=\"U1Qcs5l61P\" frameborder=\"0\" marginwidth=\"0\" marginheight=\"0\" scrolling=\"no\" class=\"wp-embedded-content\"><\/iframe><script type=\"text\/javascript\">\n\/* <![CDATA[ *\/\n\/*! This file is auto-generated *\/\n!function(d,l){\"use strict\";l.querySelector&&d.addEventListener&&\"undefined\"!=typeof URL&&(d.wp=d.wp||{},d.wp.receiveEmbedMessage||(d.wp.receiveEmbedMessage=function(e){var t=e.data;if((t||t.secret||t.message||t.value)&&!\/[^a-zA-Z0-9]\/.test(t.secret)){for(var s,r,n,a=l.querySelectorAll('iframe[data-secret=\"'+t.secret+'\"]'),o=l.querySelectorAll('blockquote[data-secret=\"'+t.secret+'\"]'),c=new RegExp(\"^https?:$\",\"i\"),i=0;i<o.length;i++)o[i].style.display=\"none\";for(i=0;i<a.length;i++)s=a[i],e.source===s.contentWindow&&(s.removeAttribute(\"style\"),\"height\"===t.message?(1e3<(r=parseInt(t.value,10))?r=1e3:~~r<200&&(r=200),s.height=r):\"link\"===t.message&&(r=new URL(s.getAttribute(\"src\")),n=new URL(t.value),c.test(n.protocol))&&n.host===r.host&&l.activeElement===s&&(d.top.location.href=t.value))}},d.addEventListener(\"message\",d.wp.receiveEmbedMessage,!1),l.addEventListener(\"DOMContentLoaded\",function(){for(var e,t,s=l.querySelectorAll(\"iframe.wp-embedded-content\"),r=0;r<s.length;r++)(t=(e=s[r]).getAttribute(\"data-secret\"))||(t=Math.random().toString(36).substring(2,12),e.src+=\"#?secret=\"+t,e.setAttribute(\"data-secret\",t)),e.contentWindow.postMessage({message:\"ready\",secret:t},\"*\")},!1)))}(window,document);\n\/* ]]> *\/\n<\/script>\n","description":"Unser professionelles Team steht Ihnen zur Verf\u00fcgung Mat\u00edas Vidal Gesch\u00e4ftsf\u00fchrer Cati Vidal Manager Maria Vadell Immobilienberaterin Ina Mahmutaj Verwaltung Ornella Raffo Koordinatorin Pep Ferr\u00f3n Immobilienberater Inga Gruodyte Immobilienberaterin Oscar Rubio Immobilienberater Mireia Alconchel Immobilienberaterin Mal\u00e9n Mar\u00edn Immobilienberaterin Unsere Werte Wir schaffen Vertrauen durch unser Handeln VERBINDLICHKEITCompromiso Gegen\u00fcber unseren Kunden und ihren Erwartungen INTEGRIT\u00c4T Die F\u00e4higkeit, [&hellip;]","thumbnail_url":"http:\/\/inmovisa.com\/wp-content\/uploads\/2021\/03\/cabecera-quienes-somos-min-scaled.jpeg"}

Über uns - Inmovisa Ihr Immobilienbüro in Palma de Mallorca

<blockquote class="wp-embedded-content" data-secret="U1Qcs5l61P"><a href="https://inmovisa.com/de/uber-uns/">Über uns</a></blockquote><iframe sandbox="allow-scripts" security="restricted" src="https://inmovisa.com/de/uber-uns/embed/#?secret=U1Qcs5l61P" width="600" height="338" title="&#8222;Über uns&#8220; &#8211; Inmobiliaria Inmovisa" data-secret="U1Qcs5l61P" frameborder="0" marginwidth="0" marginheight="0" scrolling="no" class="wp-embedded-content"></iframe><script type="text/javascript">
/* <![CDATA[ */
/*! This file is auto-generated */
!function(d,l){"use strict";l.querySelector&&d.addEventListener&&"undefined"!=typeof URL&&(d.wp=d.wp||{},d.wp.receiveEmbedMessage||(d.wp.receiveEmbedMessage=function(e){var t=e.data;if((t||t.secret||t.message||t.value)&&!/[^a-zA-Z0-9]/.test(t.secret)){for(var s,r,n,a=l.querySelectorAll('iframe[data-secret="'+t.secret+'"]'),o=l.querySelectorAll('blockquote[data-secret="'+t.secret+'"]'),c=new RegExp("^https?:$","i"),i=0;i<o.length;i++)o[i].style.display="none";for(i=0;i<a.length;i++)s=a[i],e.source===s.contentWindow&&(s.removeAttribute("style"),"height"===t.message?(1e3<(r=parseInt(t.value,10))?r=1e3:~~r<200&&(r=200),s.height=r):"link"===t.message&&(r=new URL(s.getAttribute("src")),n=new URL(t.value),c.test(n.protocol))&&n.host===r.host&&l.activeElement===s&&(d.top.location.href=t.value))}},d.addEventListener("message",d.wp.receiveEmbedMessage,!1),l.addEventListener("DOMContentLoaded",function(){for(var e,t,s=l.querySelectorAll("iframe.wp-embedded-content"),r=0;r<s.length;r++)(t=(e=s[r]).getAttribute("data-secret"))||(t=Math.random().toString(36).substring(2,12),e.src+="#?secret="+t,e.setAttribute("data-secret",t)),e.contentWindow.postMessage({message:"ready",secret:t},"*")},!1)))}(window,document);
/* ]]> */
</script>

Unser professionelles Team steht Ihnen zur Verfügung Matías Vidal Geschäftsführer Cati Vidal Manager Maria Vadell Immobilienberaterin Ina Mahmutaj Verwaltung Ornella Raffo Koordinatorin Pep Ferrón Immobilienberater Inga Gruodyte Immobilienberaterin Oscar Rubio Immobilienberater Mireia Alconchel Immobilienberaterin Malén Marín Immobilienberaterin Unsere Werte Wir schaffen Vertrauen durch unser Handeln VERBINDLICHKEITCompromiso Gegenüber unseren Kunden und ihren Erwartungen INTEGRITÄT Die Fähigkeit, [&hellip;]
